te the greatest common divisor of 30 and z.
6
Let w(l) = 33*l + 289. Let b be w(-8). Let y = 91 - -134. What is the greatest common factor of y and b?
25
Suppose -10 = -15*r + 13*r. Suppose r*p = 23 + 67. Calculate the highest common divisor of 18 and p.
18
Let y be 4/((-3 - 6)/(-720)). What is the greatest common factor of 96 and y?
32
Suppose -3*q = -3*l - 39, l = 4*q - 31 - 12. Suppose -1071 = -34*g + 1989. What is the highest common factor of g and q?
10
Suppose -5*k + 46 = -3*o - 126, o - 2*k = -57. Let m = o - -61. Let x be (5/(-1))/(-2 + 1). Calculate the greatest common factor of x and m.
1
Suppose 5*q + 28 = -17. Let m be (42/q - -3)*-3. Let t = -16 - -56. What is the highest common factor of m and t?
5
Let x = -887 - -1495. Calculate the greatest common divisor of 32 and x.
32
Let q be (12/(-26))/((-7)/91). Let a(g) = g**3 - 5*g**2 + g + 6. Let z be a(6). Calculate the highest common divisor of z and q.
6
Let w = 4175 - 4159. Suppose -3*b + 15 = 0, 4*n - 4*b - 204 = -0*n. What is the highest common divisor of w and n?
8
Let y be (-2)/(-2) - (0 + -39). Let c = 383 + -223. What is the greatest common factor of y and c?
40
Let o = 28 + -55. Let r = 19 + o. Let n = 3 - r. What is the greatest common factor of n and 77?
11
Let y = -1831 + 1848. Calculate the highest common factor of y and 7.
1
Let m be 0*(21/6)/(-7). Suppose -2*k + 186 = -m*k. Suppose 0 = -5*z + 27 + k. Calculate the highest common factor of 3 and z.
3
Let m(z) = z**3 - 2*z**2 - 11*z + 10. Let r be m(5). Let h = r + -18. Calculate the greatest common divisor of 42 and h.
6
Suppose 844*z - 838*z = 360. What is the greatest common divisor of 552 and z?
12
Let q be 1266/(-18) - (-4)/3. Let c be (-10)/15*q/2. Calculate the highest common divisor of 69 and c.
23
Suppose 19*z = -0*z + 608. Calculate the greatest common divisor of z and 32.
32
Let g(w) = -10*w**2 - w. Let t be g(1). Let k(l) = -5*l - 31. Let h be k(t). Calculate the greatest common divisor of h and 132.
12
Let x = -164 - -169. Calculate the highest common divisor of x and 55.
5
Suppose -265*m = -271*m + 42. Let i = 169 + -106. Calculate the highest common divisor of m and i.
7
Let q be (12/4 - -430) + (-2)/(-1). What is the highest common divisor of 29 and q?
29
Let d = -474 + 484. Calculate the highest common factor of d and 590.
10
Let h(a) = 72*a - 6. Let k = -62 - -65. Let w be h(k). What is the highest common divisor of 30 and w?
30
Let g(t) = 2*t**3 + 17*t**2 + 20*t + 6. Let j(d) = d**3 + d - 1. Let m(p) = -g(p) + 3*j(p). Let u be m(18). What is the highest common factor of 63 and u?
9
Suppose 10*r = 4*r + 240. Suppose -3*p + 4 = 2*i + 13, 11 = -p + 2*i. Let m = p + 15. Calculate the highest common factor of r and m.
10
Suppose -68 = -4*n - 12. Let a(u) = 123*u + 991. Let d be a(-8). What is the greatest common divisor of d and n?
7
Suppose -4*o = 2*k - 1170, -2*o + k - 6*k = -565. Calculate the greatest common factor of 59 and o.
59
Let l be (1720/15)/((-16)/(-48)). Let d(n) = 4*n**2 + n + 4. Let t be d(3). Calculate the greatest common divisor of l and t.
43
Let y be (10 - -135 - -9) + 6/1. What is the greatest common factor of y and 5?
5
Let w(n) = n**3 - 3*n**2 - n + 34. Let o(j) = -j**3 - 6*j**2. Let r be o(-6). Let z be w(r). What is the greatest common divisor of z and 68?
34
Let p = 548 - 377. Let v be ((-2)/4)/((-15)/210) - 5. Suppose v*c + p = 5*c. What is the highest common divisor of 38 and c?
19
Let m(j) = -j + 10. Let t be m(-19). Suppose 2*v = t + 35. Calculate the highest common factor of 48 and v.
16
Let o = -585 - -608. Calculate the highest common divisor of 3 and o.
1
Let d = -4 - -11. Suppose -10 - d = -w. Suppose -4*p = 2*m - 486, -3*p + m = -7*p + 481. What is the highest common divisor of w and p?
17
Let v be 2/4*4*69/6. Calculate the highest common factor of 1 and v.
1
Let a be (1062/27 - -10) + 2/(-6). Calculate the highest common divisor of 98 and a.
49
Suppose -11*k = -15*k - t + 74, -2*k - 5*t = -46. What is the greatest common divisor of 225 and k?
9
Let v be (-145)/(-11) + 24/(-132). Calculate the greatest common factor of 13 and v.
13
Let j = 64 + -34. Let c be (-8 - 0)/((-12)/j). Calculate the greatest common divisor of c and 100.
20
Suppose 4*b = 18 + 110. Suppose -30*h = -32*h + 2. Suppose -8*p + h = -31. What is the highest common factor of p and b?
4
Let v be (42/(-15))/((-2)/110). Suppose -21 = 9*d + 24. Let t be (2/d)/((-6)/210). Calculate the greatest common factor of t and v.
14
Let m be (0 + 5520/4)*(-4)/(-10). What is the greatest common divisor of 24 and m?
24
Suppose 16*t = -20 + 580. What is the greatest common factor of t and 105?
35
Let a be 48/(-5)*130/(-39). Let l = a + -5. Calculate the greatest common divisor of l and 189.
27
Let o(c) = c**3 + 7*c**2 - 2*c - 10. Let q(v) = -4*v + 1. Let f be q(-2). Let m = f - 16. Let s be o(m). Calculate the greatest common divisor of s and 44.
4
Let g be (306/12)/(1/4). Let i = 182 - g. Let n(m) = -m**2 + 2*m + 47. Let a be n(5). What is the greatest common factor of a and i?
16
Suppose 10 = g + 2*i - 28, 56 = 2*g - i. What is the greatest common divisor of 70 and g?
10
Let q be (-1)/(-5) - ((-131001)/15)/13. What is the greatest common divisor of q and 42?
42
Let s(g) = g**2 - 4*g + 2. Let a be s(4). Let m(t) = 16*t**2 + 6*t + 6. Let z be m(-1). Calculate the highest common factor of a and z.
2
Suppose 3*q = 5*q - 30. Let b(u) = u + 37. Let l be b(q). What is the greatest common factor of l and 4?
4
Let m = -36 - -60. Let i be m + (-18)/3 + 3. Let y = -11 + i. Calculate the greatest common factor of 25 and y.
5
Suppose 2*y = -y. Let w(r) = r**2 - r - 17. Let l be w(y). Let q = l + 28. Calculate the greatest common divisor of q and 44.
11
Let f(j) = -j + 5. Let h be f(0). Suppose h*t + 27 = 8*t. Let r be (12/14)/((-2)/(-14)). What is the highest common divisor of r and t?
3
Let z be (-130)/(-18) + 1/((-9)/2). What is the greatest common divisor of 371 and z?
7
Let a = -180 - -468. Calculate the highest common factor of 64 and a.
32
Suppose 13*j = 10*j + 189. What is the greatest common divisor of j and 315?
63
Let z = -6 - -23. Let n = z + -2. Suppose -5*j - 5 + n = 0. What is the greatest common divisor of j and 2?
2
Let w = 179 - 149. What is the highest common divisor of 50 and w?
10
Let y = -1732 - -1733. What is the highest common divisor of 49 and y?
1
Suppose m + 6*m = 16807. Calculate the greatest common divisor of m and 49.
49
Let b be -1 - -3 - -120 - (0 + 1). Let g = b + -36. What is the greatest common divisor of 17 and g?
17
Let r(p) = p + 6 - 3 - 2. Suppose -11*j = 4*j. Let t be r(j). Calculate the highest common divisor of t and 11.
1
Let q = 621 + -606. Calculate the greatest common divisor of q and 335.
5
Suppose 3 = 5*y + 13. Let b be 0 - 4*5/y. What is the highest common factor of b and 110?
10
Let x(g) be the first derivative of g**3/3 - 3*g**2 + 14*g + 99. Suppose 4*f = -f - 40. Let z be x(f). What is the greatest common factor of z and 18?
18
Let u(w) = -25*w + 698. Let k be u(-28). Calculate the greatest common divisor of k and 6.
6
Let h be 0 + 2 + 19 + 3. Let j = h - 5. Suppose -i + 3*i = -6, 0 = -3*a - i + 111. What is the greatest common factor of a and j?
19
Let j(x) = -6*x + 88. Let k be j(13). What is the greatest common divisor of k and 85?
5
Let w = -4 - -15. Let m(q) = -3*q - 3. Let p be m(6). Let n be 6/p + (-1854)/(-21). What is the highest common divisor of n and w?
11
Let f be (-1)/(165/(-81) - -2). Suppose 360 = 17*a + 54. What is the greatest common factor of f and a?
9
Let v be 871/52 + (-9)/12. Calculate the greatest common divisor of 3 and v.
1
Let s be (2 - (-5 - -2))*6/6. Suppose 0 = 3*w - 3*i - 660, -5*w - s*i + 1009 = -131. What is the highest common divisor of 28 and w?
28
Suppose -4*i + 5*g = -i - 3200, -5323 = -5*i - 2*g. What is the greatest common divisor of 60 and i?
15
Let u(c) = c + 2. Let m be u(-12). Let v = 27 + m. Let z(d) = 5*d**2 + 7*d - 2. Let y be z(-6). Calculate the greatest common divisor of y and v.
17
Suppose -13*k = -21*k + 280. Suppose -2*r = -4*x - 33 - 29, 2*x - 4 = 0. Calculate the highest common factor of r and k.
35
Let d be ((-6)/4 - -1)/((-37)/15318). Calculate the highest common divisor of 9 and d.
9
Suppose -3*h + 0*h + 15 = 3*k, -2*k + 3